 21*f + 7*f - 4. What is the hundreds digit of j(-5)?
4
Let z(n) = -12*n**2 - n + 22*n**2 + 1 + 29*n**2 + 93*n**2. What is the hundreds digit of z(1)?
1
Suppose 12 = -6*a + 2*a - 2*t, 4*a + 3*t + 14 = 0. What is the hundreds digit of (95 - -104)/(-1*(a + 1))?
1
Let j(l) = 127*l**2 - 870*l + 31. What is the tens digit of j(-10)?
3
Suppose -n + 5 + 5 = 3*d, -4*d = -2*n - 30. Suppose 3*b + q - 327 + 57 = 0, -197 = -2*b + d*q. Let i = b - 62. What is the units digit of i?
9
Suppose 3*v + 61 = 4*c - 9*c, -31 = 2*c - v. Let s be -4 - (7178/c - (-2)/(-7)). Suppose s = 3*w - 0*k - 2*k, 678 = 4*w - 3*k. What is the hundreds digit of w?
1
Let h = -6 - -15. Let o be (h/4)/(10/(-40)) + -2. Let z(m) = m**3 + 11*m**2 - 6*m - 15. What is the units digit of z(o)?
1
Let p(c) be the second derivative of 820*c**3/3 + 22*c**2 + 3*c - 9. What is the tens digit of p(1)?
8
Suppose 63*a - 165 = 52*a. Suppose -a*j + 3*j = -11484. What is the tens digit of j?
5
Suppose -4*b + 0*b + 18 = 3*d, -4*b + 8 = -2*d. What is the units digit of (d/(-6))/(9/(-6723))?
9
Let y(b) = -b**3 - 2*b**2 - b - 15. Let j be y(0). What is the tens digit of (-2570)/j*27/6?
7
Let m(d) = -1. Let r(f) = 14*f + 521*f**2 - f**3 + 4 - 4 - 512*f**2. Let g(k) = 3*m(k) + r(k). What is the units digit of g(9)?
3
Suppose -41*k + 34052 = -181075. What is the hundreds digit of k?
2
What is the tens digit of 6263 + -4 + (-12)/1?
4
Let o(a) = a**3 - a**2 + a + 3. Let z(k) = -k**3 + k**2 - k - 2. Let c(h) = -3*o(h) - 4*z(h). Let d be c(0). Let n(v) = -51*v. What is the units digit of n(d)?
1
Suppose -2*o + 1047 = -2*r - r, -r = -5*o + 362. Let h = r - -825. What is the units digit of h?
8
Suppose 3*f + 49 = -3*w + w, 0 = -w + 2*f - 28. Let p be (2492/(-52))/(-7) - 4/w. Let v(y) = y**3 - 2*y**2 + y - 11. What is the units digit of v(p)?
1
Suppose -5*m + 81699 = -2*y, -95659 = -5*m - y - 13951. What is the tens digit of m?
4
Let p = 16851 - 7654. What is the tens digit of p?
9
Let c(g) = -15*g + 361. Let o be c(24). Let p(k) = 23*k + 1. Let r(i) = 24*i + 2. Let m(l) = 5*p(l) - 4*r(l). What is the tens digit of m(o)?
1
What is the units digit of (-13)/(91/(-25732)) - -10?
6
Suppose 123*q - 126*q = 4*g - 105475, 0 = 3*q + 13*g - 105484. What is the thousands digit of q?
5
Suppose 8 = -4*s + 6*s, s - 19 = -5*b. Suppose -1178 = -2*r - t - 0*t, b*t + 1749 = 3*r. What is the hundreds digit of r?
5
Suppose 45*y = 75271 + 152879. What is the tens digit of y?
7
Let k be (-1)/6 + (-133)/(-42). Suppose 2*i + 0*m - 29 = -k*m, 5*i - 5*m = 60. Suppose 470 = i*w - 258. What is the units digit of w?
6
Let o = 246 - 244. What is the units digit of 1/((-6)/((-7272)/(-2420)) + o)?
3
Suppose -4*f + 59 = 5*v, -68 = -4*f - 73*v + 77*v. Let n(a) = 6*a**2 - 27*a + 185. What is the units digit of n(f)?
9
Let u = -51 + 52. Let k be (-9 + 9)/(2/2) - -3. Let m = u + k. What is the units digit of m?
4
Suppose -26*g + 8*g - 4*g = -226886. What is the units digit of g?
3
Let g(m) = -19*m + 52. Suppose 0 = 5*l + 3*j - 22, 2*l - 6 = l + j. Let w(z) = -19*z + 53. Let t(s) = l*w(s) - 6*g(s). What is the hundreds digit of t(8)?
1
Let i(g) = -4*g + 85. Let h(y) = -6*y + 127. Let a(s) = -4*s**3 - 3*s**2 + s + 1. Let t be a(1). Let p(b) = t*h(b) + 8*i(b). What is the tens digit of p(13)?
1
Suppose -25*g + 1 = -399. Suppose 1664 = g*v - 8*v. What is the units digit of v?
8
What is the units digit of 1/(-3) - (9 - (-218900)/(-33))?
4
Suppose -3*p + 71980 = t, 44*p - 41*p - 215982 = -3*t. What is the hundreds digit of t?
0
Let m be (10/4)/((-2)/(-3508)). Suppose 2*o + 10*a - 8*a - 1754 = 0, -5*o - 3*a = -m. What is the units digit of o?
7
Let u(j) = 77*j**2 - 57*j - 1153. What is the ten thousands digit of u(-19)?
2
Suppose z = -4*x + 12253, -3*z + 12250 = 4*x - z. Suppose -11*a + 15*a = x. What is the tens digit of a?
6
Suppose -2*t + 514 = -76. Suppose -t*r = -299*r + 3660. What is the units digit of r?
5
Let m be (75/9 - 3)*396/16. Let g = 641 - m. What is the units digit of g?
9
Let f(h) = 1291*h**2 + 60*h - 164. What is the units digit of f(4)?
2
Let b = 1492 - 842. Let q = b + -399. What is the hundreds digit of q?
2
What is the hundreds digit of 4/((-64)/(-12)) + (-40724)/(-16)?
5
What is the hundreds digit of (2068/141)/(4/3162) - (-28)/(-4)?
5
Let u(g) = -2*g**3 - g**2 + g - 6. Let c be u(-2). Suppose 0*l - 808 = -4*i - l, -2*i + 404 = -c*l. What is the hundreds digit of i?
2
Let i(t) = 9*t + 69. Let l be i(0). Suppose l = 2*s + 1. Suppose -3*o + 301 = s. What is the tens digit of o?
8
Let u(m) = 21*m**2 - 25*m + 45. Let s(w) = -37*w + 229. Let n be s(6). What is the units digit of u(n)?
9
Let x = 89 - 105. Let v be 72/(-96)*x/6. Suppose 3*m - 220 = v*d, 3*m + 116 - 348 = -d. What is the tens digit of m?
7
Let a = -120 + 125. Suppose -13 + 41 = 3*y - 4*q, a*y - 8 = -3*q. Suppose 3*n + 9 = 0, y*f + 0*n - 282 = 2*n. What is the units digit of f?
9
Suppose 4 = 13*i + 43. Let a be (i/(45/(-12)))/(5/275). Suppose 5*q = -3*h + 194, q - 2*h = -0*h + a. What is the tens digit of q?
4
Let l(p) = -p**3 - 9*p**2 - 12*p + 9. Let s be l(-9). Suppose 2*d + 5*n = 4*n + 219, -d = 2*n - s. What is the tens digit of d?
0
Let f = -89 - -98. Suppose 3*h + 2*s = 535, 14*h - s = f*h + 909. What is the units digit of h?
1
Suppose -2*i - 3*s + 30885 = -8564, i = 4*s + 19708. What is the hundreds digit of i?
7
Suppose -19*j - 31*j + 1712403 = 27*j. What is the tens digit of j?
3
Let x = -32675 - -46400. Suppose 20*j + 25 - x = 0. What is the units digit of j?
5
Suppose 81381 = -8*c - 3*l + 224515, 53712 = 3*c - 5*l. What is the thousands digit of c?
7
Let x(t) be the third derivative of -1/60*t**5 - 1/8*t**4 + t**2 + 3/2*t**3 + 0*t + 1/40*t**6 + 0. What is the tens digit of x(3)?
7
Suppose -b - 18 = r + 2, -4*r - 88 = -4*b. Let f be 20 + r + (1 - 0). Suppose 4*v - g = -3*g + 448, f = -2*g. What is the hundreds digit of v?
1
Let r(k) = 437*k - 1263. What is the hundreds digit of r(15)?
2
Suppose -3*m - 29723 = -21*n + 17*n, 5*n + m - 37187 = 0. What is the hundreds digit of n?
4
Let a(g) = 9*g**3 + g**2 - g - 2. Suppose 9*r + 10 + 17 = 0. Let m be (1/r)/((-7)/42). What is the tens digit of a(m)?
7
Suppose -2*b - c = -0*c - 10, -5*b + 3*c = -47. What is the units digit of 48 + 6*(8 - b)?
4
Suppose 17*x + 5358 = 64*x. Suppose 2*v - 13 = v. Suppose -12*z - x = -v*z. What is the units digit of z?
4
Let w(r) = 2*r**2 - 15*r + 11. Let n be w(7). Suppose 16*g + n*g + 40 = 0. What is the units digit of 12/g*(-40 - 30/(-6))?
0
Let x be 1 + 22*15/(-6). Let u = x - -60. Let r(j) = 5*j + 21. What is the units digit of r(u)?
1
What is the tens digit of 2/4 - (-290222)/124?
4
Let u = -165 - -181. What is the tens digit of (-4)/6*(u + -124)?
7
Let v be (-3)/(6/(-94))*3. Let k = 220 + v. What is the tens digit of k?
6
What is the hundreds digit of ((-78975)/455)/((-2)/14)?
2
Let u(j) = 4*j**2 - 11*j - 39. Let r be u(-8). Suppose 3*t + z = -3*z + 232, -4*t - z = -r. What is the units digit of t?
6
Suppose -y + 8*w = 3*w - 56, -5*y + 400 = 5*w. Suppose 3*m + 4*m = -38*m. Suppose m*h - 2*h = -y. What is the units digit of h?
8
Let d(i) = -i**3 + 10*i**2 - 21*i + 5. Let f be d(7). What is the units digit of (-3 - f - -4) + 5?
1
Suppose c = 3 - 15. Let u be (-4)/6 + 64/c. What is the tens digit of 4/u + (-168)/(-9)?
1
Let g(w) = 12*w + 5. Let x be g(16). What is the hundreds digit of 1 + -1 + x - (-22)/(-11)?
1
Suppose -242*v = -253*v. Suppose -y + x + 317 = v, -12 = 3*x + x. What is the units digit of y?
4
Let s(o) = 106*o**2 + 5*o - 1. Let p be s(6). Suppose 21*l - p = 2896. What is the hundreds digit of l?
3
Let q = -367 + 403. What is the hundreds digit of ((-40)/(-6))/(1/q)?
2
Suppose -9*t + 10 = -8. Suppose 0 = -t*p - 3*i + 2, -2*p + 5*i = -16 - 2. What is the tens digit of p/(-34) + 5036/34?
4
Suppose 17*u - 170890 + 45090 = 0. Suppose -6*o + u = 4*o. What is the units digit of o?
0
Let p(y) = -y. Let b be p(-2). Suppose -z - 3*w + 446 = -0*w, 2230 = 5*z - b*w. Suppose z = 6*x - 670. What is the units digit of x?
6
Suppose -2*j = 3*z + 21, -5*j - 12 = -2*z - 7. What is the hundreds digit of (30/(z - (-1758)/354))/(-1)?
8
Suppose 0 = -8*j - 58 + 82. Suppose -r - 4*q = -529, -1006 = 3*r + j*q - 2620. What is the hundreds digit of r?
5
Let g(j) = 48 - 227*j + 535 + 454*j - 228*j.